{"id":3,"date":"2019-01-22T12:24:02","date_gmt":"2019-01-22T12:24:02","guid":{"rendered":"https:\/\/www.banthaimassage.se\/?page_id=3"},"modified":"2024-06-29T19:12:10","modified_gmt":"2024-06-29T17:12:10","slug":"privacy-policy","status":"publish","type":"page","link":"https:\/\/goldenlifebs.se\/kungshamn\/privacy-policy\/","title":{"rendered":"Allm\u00e4nna villkor"},"content":{"rendered":"<p>[et_pb_section bb_built=&#8221;1&#8243; _builder_version=&#8221;3.0.47&#8243;][et_pb_row _builder_version=&#8221;3.0.48&#8243; background_size=&#8221;initial&#8221; background_position=&#8221;top_left&#8221; background_repeat=&#8221;repeat&#8221;][et_pb_column type=&#8221;1_5&#8243;][\/et_pb_column][et_pb_column type=&#8221;3_5&#8243;][et_pb_text admin_label=&#8221;Allm\u00e4nna villkor&#8221; _builder_version=&#8221;3.19.7&#8243;]<\/p>\n<h1 style=\"text-align: center;\">Allm\u00e4nna villkor Golden Life Beauty Salong Massage<\/h1>\n<p style=\"text-align: center;\">V\u00e5r ambition \u00e4r att alltid ge dig h\u00f6g service, d\u00e4rf\u00f6r har vi tagit fram nedanst\u00e5ende villkor.\u00a0<\/p>\n<h4 style=\"text-align: center;\">Allm\u00e4nt<\/h4>\n<p class=\"mvanchor\" style=\"text-align: center;\">F\u00f6r dig som \u00e4r privatperson g\u00e4ller Distansavtalslagen samt Konsumentk\u00f6plagen. Avtalet g\u00e4ller mellan Golden Life Beauty Salong med (firma Rungtikan Arnqvistq) organisationsnummer SE-790512-5188 och dig som Kund \/ Best\u00e4llare.<\/p>\n<h4 style=\"text-align: center;\">Betalning<\/h4>\n<p style=\"text-align: center;\">Betalning sker via Swish Handel eller Kortbetalning via hemsidan i samband med bokning eller p\u00e5 plats i v\u00e5ra salonger.<\/p>\n<p class=\"p1\" style=\"text-align: center;\">Rabattkoder och andra erbjudanden kan inte kombineras vid en och samma bokning.<\/p>\n<h4 style=\"text-align: center;\">Bekr\u00e4ftelse<\/h4>\n<p style=\"text-align: center;\">Bokningsbekr\u00e4ftelse skickas ut i samband med\u00a0best\u00e4llning till angiven e-post.<\/p>\n<h4 style=\"text-align: center;\">Inst\u00e4lld eller \u00e4ndrad behandling<\/h4>\n<p style=\"text-align: center;\">Golden Life Beauty Salong f\u00f6rbeh\u00e5ller sig r\u00e4tten att st\u00e4lla in behandlingar och \u00e5terbetalar d\u00e5 hela beloppet till dig som Kund.<\/p>\n<h4 style=\"text-align: center;\">\u00c5ngerr\u00e4tt, avbokning och reklamationer<\/h4>\n<p style=\"text-align: center;\">Avbokning av behandling m\u00e5ste dock ske senast 24 timmar innan det att behandlingen \u00e4r ber\u00e4knad att b\u00f6rja.\u00a0\u00c5terbetalning d\u00e4refter kan endast ske vid skada eller sjukdom mot uppvisande av l\u00e4karintyg.<\/p>\n<h4 style=\"text-align: center;\">\u00a0<\/h4>\n<h4 style=\"text-align: center;\">Missade bokningar och \u00e5terbetalning<\/h4>\n<p style=\"text-align: center;\">Avbokning m\u00e5ste g\u00f6ras minst 24h innan. Vid missad bokning sker ingen \u00e5terbetalning.<\/p>\n<h4 style=\"text-align: center;\">\u00a0<\/h4>\n<h4 style=\"text-align: center;\">Priser<\/h4>\n<p style=\"text-align: center;\">Alla priser \u00e4r angivna i SEK inkl moms. Priset som g\u00e4ller \u00e4r det som \u00e4r angivit den dag kunden g\u00f6r sin best\u00e4llning.<\/p>\n<h4 style=\"text-align: center;\">\u00a0<\/h4>\n<h4 style=\"text-align: center;\">Information enligt GDPR<\/h4>\n<p class=\"mvanchor\" style=\"text-align: center;\">\u00a0Dina l\u00e4mnade personuppgifter hanteras enligt GDPR.<\/p>\n<p style=\"text-align: center;\">F\u00f6r att underl\u00e4tta administration kommer vi att it-behandla dina personuppgifter (namn, adress, telefonnummer, mejladress och kurshistorik). Uppgifterna sparas \u00e4ven f\u00f6r att kunna skicka ut eventuell information g\u00e4llande v\u00e5ra kurser, oftast i form av mejlade nyhetsbrev.\u00a0Vill du inte vill ha informationen fr\u00e5n oss kan du enkelt avbryta den genom en l\u00e4nk som g\u00e5r att finna i vardera nyhetsbrev.<\/p>\n<p class=\"p1\" style=\"text-align: center;\">Dina personuppgifter kommer inte p\u00e5 n\u00e5got s\u00e4tt anv\u00e4ndas av andra \u00e4n av Golden Life Beauty Salong.<\/p>\n<p class=\"p1\" style=\"text-align: center;\">Uppgifterna lagras i system med b\u00e4sta m\u00f6jliga s\u00e4kerhet.<\/p>\n<h4 style=\"text-align: center;\">\u00a0<\/h4>\n<h4 style=\"text-align: center;\">Cookies<\/h4>\n<p style=\"text-align: center;\">Denna hemsida anv\u00e4nder sig av cookies enligt Electronic Communications Act, 25 juli 2003.<\/p>\n<p style=\"text-align: center;\">En cookie \u00e4r en liten textfil som lagras p\u00e5 din dator och som inneh\u00e5ller information f\u00f6r att hj\u00e4lpa hemsidan att identifiera och f\u00f6lja anv\u00e4ndare. Cookies finns som sessionscookies och som cookies som lagras permanent p\u00e5 din dator. Under tiden f\u00f6r ditt f\u00f6rsta bes\u00f6k i hemsidan blir din webbl\u00e4sare tilldelad en sessionscookie som \u00e4r unik och som anv\u00e4nds f\u00f6r att inte blanda ihop dig som anv\u00e4ndare med andra anv\u00e4ndare.<\/p>\n<p style=\"text-align: center;\">F\u00f6r att kunna anv\u00e4nda hemsidan b\u00f6r du till\u00e5ta cookies i din webbl\u00e4sare. Denna typ av cookie anv\u00e4nds enbart f\u00f6r att ge dig som bes\u00f6kare en b\u00e4ttre upplevelse och support och lagrar inga personlig uppgifter om dig. Cookies kan raderas. P\u00e5 denna hemsida anv\u00e4nds cookies exempelvis f\u00f6r att h\u00e5lla koll p\u00e5 din kundvagn, dina inst\u00e4llningar och vilka sidor du bes\u00f6kt f\u00f6r att kunna ge dig en b\u00e4ttre kundupplevelse och support.<\/p>\n<p>[\/et_pb_text][\/et_pb_column][et_pb_column type=&#8221;1_5&#8243;][\/et_pb_column][\/et_pb_row][\/et_pb_section]<\/p>\n","protected":false},"excerpt":{"rendered":"<p>[et_pb_section bb_built=&#8221;1&#8243; _builder_version=&#8221;3.0.47&#8243;][et_pb_row _builder_version=&#8221;3.0.48&#8243; background_size=&#8221;initial&#8221; background_position=&#8221;top_left&#8221; background_repeat=&#8221;repeat&#8221;][et_pb_column type=&#8221;1_5&#8243;][\/et_pb_column][et_pb_column type=&#8221;3_5&#8243;][et_pb_text admin_label=&#8221;Allm\u00e4nna villkor&#8221; _builder_version=&#8221;3.19.7&#8243;] Allm\u00e4nna villkor Golden Life Beauty Salong Massage V\u00e5r ambition \u00e4r att alltid ge dig h\u00f6g service, d\u00e4rf\u00f6r har vi tagit fram nedanst\u00e5ende villkor.\u00a0 Allm\u00e4nt F\u00f6r dig som \u00e4r privatperson g\u00e4ller Distansavtalslagen samt Konsumentk\u00f6plagen. Avtalet g\u00e4ller mellan Golden Life Beauty Salong med (firma Rungtikan [&hellip;]<\/p>\n","protected":false},"author":1,"featured_media":0,"parent":0,"menu_order":0,"comment_status":"closed","ping_status":"closed","template":"","meta":{"_et_pb_use_builder":"on","_et_pb_old_content":"<!-- wp:heading -->\r\n<h2>Who we are<\/h2>\r\n<!-- \/wp:heading -->\r\n\r\n<!-- wp:paragraph -->\r\n<p>Our website address is: https:\/\/goldenlifebs.se\/kungshamn.<\/p>\r\n<!-- \/wp:paragraph -->\r\n\r\n<!-- wp:heading -->\r\n<h2>What personal data we collect and why we collect it<\/h2>\r\n<!-- \/wp:heading -->\r\n\r\n<!-- wp:heading {\"level\":3} -->\r\n<h3>Comments<\/h3>\r\n<!-- \/wp:heading -->\r\n\r\n<!-- wp:paragraph -->\r\n<p>When visitors leave comments on the site we collect the data shown in the comments form, and also the visitor\u2019s IP address and browser user agent string to help spam detection.<\/p>\r\n<!-- \/wp:paragraph -->\r\n\r\n<!-- wp:paragraph -->\r\n<p>An anonymized string created from your email address (also called a hash) may be provided to the Gravatar service to see if you are using it. The Gravatar service privacy policy is available here: https:\/\/automattic.com\/privacy\/. After approval of your comment, your profile picture is visible to the public in the context of your comment.<\/p>\r\n<!-- \/wp:paragraph -->\r\n\r\n<!-- wp:heading {\"level\":3} -->\r\n<h3>Media<\/h3>\r\n<!-- \/wp:heading -->\r\n\r\n<!-- wp:paragraph -->\r\n<p>If you upload images to the website, you should avoid uploading images with embedded location data (EXIF GPS) included. Visitors to the website can download and extract any location data from images on the website.<\/p>\r\n<!-- \/wp:paragraph -->\r\n\r\n<!-- wp:heading {\"level\":3} -->\r\n<h3>Contact forms<\/h3>\r\n<!-- \/wp:heading -->\r\n\r\n<!-- wp:heading {\"level\":3} -->\r\n<h3>Cookies<\/h3>\r\n<!-- \/wp:heading -->\r\n\r\n<!-- wp:paragraph -->\r\n<p>If you leave a comment on our site you may opt-in to saving your name, email address and website in cookies. These are for your convenience so that you do not have to fill in your details again when you leave another comment. These cookies will last for one year.<\/p>\r\n<!-- \/wp:paragraph -->\r\n\r\n<!-- wp:paragraph -->\r\n<p>If you have an account and you log in to this site, we will set a temporary cookie to determine if your browser accepts cookies. This cookie contains no personal data and is discarded when you close your browser.<\/p>\r\n<!-- \/wp:paragraph -->\r\n\r\n<!-- wp:paragraph -->\r\n<p>When you log in, we will also set up several cookies to save your login information and your screen display choices. Login cookies last for two days, and screen options cookies last for a year. If you select \"Remember Me\", your login will persist for two weeks. If you log out of your account, the login cookies will be removed.<\/p>\r\n<!-- \/wp:paragraph -->\r\n\r\n<!-- wp:paragraph -->\r\n<p>If you edit or publish an article, an additional cookie will be saved in your browser. This cookie includes no personal data and simply indicates the post ID of the article you just edited. It expires after 1 day.<\/p>\r\n<!-- \/wp:paragraph -->\r\n\r\n<!-- wp:heading {\"level\":3} -->\r\n<h3>Embedded content from other websites<\/h3>\r\n<!-- \/wp:heading -->\r\n\r\n<!-- wp:paragraph -->\r\n<p>Articles on this site may include embedded content (e.g. videos, images, articles, etc.). Embedded content from other websites behaves in the exact same way as if the visitor has visited the other website.<\/p>\r\n<!-- \/wp:paragraph -->\r\n\r\n<!-- wp:paragraph -->\r\n<p>These websites may collect data about you, use cookies, embed additional third-party tracking, and monitor your interaction with that embedded content, including tracking your interaction with the embedded content if you have an account and are logged in to that website.<\/p>\r\n<!-- \/wp:paragraph -->\r\n\r\n<!-- wp:heading {\"level\":3} -->\r\n<h3>Analytics<\/h3>\r\n<!-- \/wp:heading -->\r\n\r\n<!-- wp:heading -->\r\n<h2>Who we share your data with<\/h2>\r\n<!-- \/wp:heading -->\r\n\r\n<!-- wp:heading -->\r\n<h2>How long we retain your data<\/h2>\r\n<!-- \/wp:heading -->\r\n\r\n<!-- wp:paragraph -->\r\n<p>If you leave a comment, the comment and its metadata are retained indefinitely. This is so we can recognize and approve any follow-up comments automatically instead of holding them in a moderation queue.<\/p>\r\n<!-- \/wp:paragraph -->\r\n\r\n<!-- wp:paragraph -->\r\n<p>For users that register on our website (if any), we also store the personal information they provide in their user profile. All users can see, edit, or delete their personal information at any time (except they cannot change their username). Website administrators can also see and edit that information.<\/p>\r\n<!-- \/wp:paragraph -->\r\n\r\n<!-- wp:heading -->\r\n<h2>What rights you have over your data<\/h2>\r\n<!-- \/wp:heading -->\r\n\r\n<!-- wp:paragraph -->\r\n<p>If you have an account on this site, or have left comments, you can request to receive an exported file of the personal data we hold about you, including any data you have provided to us. You can also request that we erase any personal data we hold about you. This does not include any data we are obliged to keep for administrative, legal, or security purposes.<\/p>\r\n<!-- \/wp:paragraph -->\r\n\r\n<!-- wp:heading -->\r\n<h2>Where we send your data<\/h2>\r\n<!-- \/wp:heading -->\r\n\r\n<!-- wp:paragraph -->\r\n<p>Visitor comments may be checked through an automated spam detection service.<\/p>\r\n<!-- \/wp:paragraph -->\r\n\r\n<!-- wp:heading -->\r\n<h2>Your contact information<\/h2>\r\n<!-- \/wp:heading -->\r\n\r\n<!-- wp:heading -->\r\n<h2>Additional information<\/h2>\r\n<!-- \/wp:heading -->\r\n\r\n<!-- wp:heading {\"level\":3} -->\r\n<h3>How we protect your data<\/h3>\r\n<!-- \/wp:heading -->\r\n\r\n<!-- wp:heading {\"level\":3} -->\r\n<h3>What data breach procedures we have in place<\/h3>\r\n<!-- \/wp:heading -->\r\n\r\n<!-- wp:heading {\"level\":3} -->\r\n<h3>What third parties we receive data from<\/h3>\r\n<!-- \/wp:heading -->\r\n\r\n<!-- wp:heading {\"level\":3} -->\r\n<h3>What automated decision making and\/or profiling we do with user data<\/h3>\r\n<!-- \/wp:heading -->\r\n\r\n<!-- wp:heading {\"level\":3} -->\r\n<h3>Industry regulatory disclosure requirements<\/h3>\r\n<!-- \/wp:heading -->"},"_links":{"self":[{"href":"https:\/\/goldenlifebs.se\/kungshamn\/wp-json\/wp\/v2\/pages\/3"}],"collection":[{"href":"https:\/\/goldenlifebs.se\/kungshamn\/wp-json\/wp\/v2\/pages"}],"about":[{"href":"https:\/\/goldenlifebs.se\/kungshamn\/wp-json\/wp\/v2\/types\/page"}],"author":[{"embeddable":true,"href":"https:\/\/goldenlifebs.se\/kungshamn\/wp-json\/wp\/v2\/users\/1"}],"replies":[{"embeddable":true,"href":"https:\/\/goldenlifebs.se\/kungshamn\/wp-json\/wp\/v2\/comments?post=3"}],"version-history":[{"count":8,"href":"https:\/\/goldenlifebs.se\/kungshamn\/wp-json\/wp\/v2\/pages\/3\/revisions"}],"predecessor-version":[{"id":1275,"href":"https:\/\/goldenlifebs.se\/kungshamn\/wp-json\/wp\/v2\/pages\/3\/revisions\/1275"}],"wp:attachment":[{"href":"https:\/\/goldenlifebs.se\/kungshamn\/wp-json\/wp\/v2\/media?parent=3"}],"curies":[{"name":"wp","href":"https:\/\/api.w.org\/{rel}","templated":true}]}}