{"id":17,"date":"2019-01-24T08:25:50","date_gmt":"2019-01-24T08:25:50","guid":{"rendered":"https:\/\/www.banthaimassage.se\/?page_id=17"},"modified":"2024-06-29T19:13:03","modified_gmt":"2024-06-29T17:13:03","slug":"hem","status":"publish","type":"page","link":"https:\/\/goldenlifebs.se\/halmstad\/","title":{"rendered":"Hem"},"content":{"rendered":"<p>[et_pb_section bb_built=&#8221;1&#8243; admin_label=&#8221;Video&#8221; fullwidth=&#8221;on&#8221; _builder_version=&#8221;3.19.7&#8243; next_background_color=&#8221;#ffffff&#8221; background_video_mp4=&#8221;https:\/\/goldenlifebs.se\/halmstad\/wp-content\/uploads\/sites\/2\/2024\/02\/Goldenlifebeautysalong-film-3.mp4&#8243; background_image=&#8221;https:\/\/goldenlifebs.se\/halmstad\/wp-content\/uploads\/sites\/2\/2019\/06\/Thai-Massage.jpg&#8221;][et_pb_fullwidth_code _builder_version=&#8221;3.19.7&#8243;]<br \/><!-- [et_pb_line_break_holder] --><br \/><!-- [et_pb_line_break_holder] --><br \/><!-- [et_pb_line_break_holder] --><br \/><!-- [et_pb_line_break_holder] --><br \/><!-- [et_pb_line_break_holder] --><br \/><!-- [et_pb_line_break_holder] --><br \/><!-- [et_pb_line_break_holder] --><br \/><!-- [et_pb_line_break_holder] --><br \/><!-- [et_pb_line_break_holder] --><br \/>[\/et_pb_fullwidth_code][et_pb_fullwidth_image admin_label=&#8221;Logo&#8221; src=&#8221;https:\/\/goldenlifebs.se\/halmstad\/wp-content\/uploads\/sites\/2\/2024\/02\/GF-FI-2Resurs-13@2x.png&#8221; _builder_version=&#8221;3.19.7&#8243; animation_style=&#8221;fold&#8221; max_width=&#8221;21%&#8221; module_alignment=&#8221;center&#8221;]<\/p>\n<p>[\/et_pb_fullwidth_image][et_pb_fullwidth_code _builder_version=&#8221;3.19.7&#8243;]<br \/><!-- [et_pb_line_break_holder] --><br \/><!-- [et_pb_line_break_holder] --><br \/><!-- [et_pb_line_break_holder] --><br \/><!-- [et_pb_line_break_holder] --><br \/><!-- [et_pb_line_break_holder] --><br \/><!-- [et_pb_line_break_holder] --><br \/><!-- [et_pb_line_break_holder] --><br \/><!-- [et_pb_line_break_holder] --><br \/><!-- [et_pb_line_break_holder] --><br \/>[\/et_pb_fullwidth_code][\/et_pb_section][et_pb_section bb_built=&#8221;1&#8243; _builder_version=&#8221;3.0.47&#8243; prev_background_color=&#8221;#000000&#8243;][et_pb_row _builder_version=&#8221;3.0.48&#8243; background_size=&#8221;initial&#8221; background_position=&#8221;top_left&#8221; background_repeat=&#8221;repeat&#8221;][et_pb_column type=&#8221;4_4&#8243;][et_pb_text _builder_version=&#8221;3.19.7&#8243;]<\/p>\n<h1 style=\"text-align: center\">Golden Life Halmstad<\/h1>\n<h5 style=\"text-align: center\">Golden Life Beauty Salong Massage erbjuder f\u00f6rstaklassig Thaimassage som \u00e4r en 2500 \u00e5r gammal behandlingsform fr\u00e5n Asien. Den g\u00e5r ut p\u00e5 att ta tillvara kroppens energilinjer och str\u00e4cka ut musklerna s\u00e5 att kroppens egna endorfinfl\u00f6de skapar en balans.\u00a0Thaimassagen bidrar till att l\u00f6sa kroppens blockeringar vilket l\u00f6sg\u00f6r sm\u00e4rtor och v\u00e4rk.\u00a0Processen \u00e4r mycket noggrann och exakt och\u00a0passar alla fr\u00e5n yngre till \u00e4ldre.<\/h5>\n<p>[\/et_pb_text][et_pb_text _builder_version=&#8221;3.19.7&#8243;]<\/p>\n<h5 style=\"text-align: center\">Vi p\u00e5 Golden Life Beauty Salong i Halmstad h\u00e4lsar dig v\u00e4lkommen.<br \/>Vi finns p\u00e5 Storgatan 6, 302 43 Halmstad.<\/h5>\n<p>[\/et_pb_text][et_pb_text _builder_version=&#8221;3.19.7&#8243; text_text_color=&#8221;#f4b53f&#8221;]<\/p>\n<h1 style=\"text-align: center\">Vi erbjuder f\u00f6ljande tj\u00e4nster:<\/h1>\n<p>[\/et_pb_text][\/et_pb_column][\/et_pb_row][et_pb_row _builder_version=&#8221;3.19.7&#8243;][et_pb_column type=&#8221;1_5&#8243;][et_pb_image _builder_version=&#8221;3.19.7&#8243; src=&#8221;https:\/\/goldenlifebs.se\/halmstad\/wp-content\/uploads\/sites\/2\/2024\/04\/thumbnail_IMG_4201-e1715162521977.jpg&#8221; align=&#8221;center&#8221; \/][et_pb_text _builder_version=&#8221;3.19.7&#8243; header_4_font_size=&#8221;16px&#8221;]<\/p>\n<h4 style=\"text-align: center\"><strong>Permanent h\u00e5rborttagning<\/strong><\/h4>\n<p>&nbsp;<\/p>\n<p>[\/et_pb_text][\/et_pb_column][et_pb_column type=&#8221;1_5&#8243;][et_pb_image _builder_version=&#8221;3.19.7&#8243; src=&#8221;https:\/\/goldenlifebs.se\/halmstad\/wp-content\/uploads\/sites\/2\/2024\/04\/thumbnail_IMG_4170-e1714403811555.jpg&#8221; \/][et_pb_text _builder_version=&#8221;3.19.7&#8243; header_4_text_color=&#8221;#000000&#8243; header_4_font_size=&#8221;16px&#8221;]<\/p>\n<h4 style=\"text-align: center\"><strong>Massage<\/strong><\/h4>\n<p style=\"text-align: center\">Traditionell Thail\u00e4ndsk massge &#8211; Arom massage &#8211; Svensk oljemassage<\/p>\n<p>[\/et_pb_text][\/et_pb_column][et_pb_column type=&#8221;1_5&#8243;][et_pb_image _builder_version=&#8221;3.19.7&#8243; src=&#8221;https:\/\/goldenlifebs.se\/halmstad\/wp-content\/uploads\/sites\/2\/2024\/04\/thumbnail_IMG_4204-e1714404051692.jpg&#8221; \/][et_pb_text _builder_version=&#8221;3.19.7&#8243; header_4_text_color=&#8221;#000000&#8243; header_4_font_size=&#8221;16px&#8221;]<\/p>\n<h4 style=\"text-align: center\"><strong>Ansiktsbehandlingar<\/strong><\/h4>\n<p>[\/et_pb_text][\/et_pb_column][et_pb_column type=&#8221;1_5&#8243;][et_pb_image _builder_version=&#8221;3.19.7&#8243; src=&#8221;https:\/\/goldenlifebs.se\/halmstad\/wp-content\/uploads\/sites\/2\/2024\/04\/thumbnail_IMG_4202-e1715162370869.jpg&#8221; \/][et_pb_text _builder_version=&#8221;3.19.7&#8243; header_4_text_color=&#8221;#000000&#8243; header_4_font_size=&#8221;16px&#8221;]<\/p>\n<h4 style=\"text-align: center\"><strong>Fot spa &amp; pedikyr<\/strong><\/h4>\n<p>[\/et_pb_text][\/et_pb_column][et_pb_column type=&#8221;1_5&#8243;][et_pb_image _builder_version=&#8221;3.19.7&#8243; src=&#8221;https:\/\/goldenlifebs.se\/halmstad\/wp-content\/uploads\/sites\/2\/2024\/04\/IMG_4196-e1715162751534.jpg&#8221; \/][et_pb_text _builder_version=&#8221;3.19.7&#8243; header_4_font_size=&#8221;16px&#8221; header_4_text_color=&#8221;#000000&#8243;]<\/p>\n<h4 style=\"text-align: center\"><strong>Medicinska behandlingar<\/strong><\/h4>\n<p>[\/et_pb_text][\/et_pb_column][\/et_pb_row][\/et_pb_section]<\/p>\n","protected":false},"excerpt":{"rendered":"<p>[et_pb_section bb_built=&#8221;1&#8243; admin_label=&#8221;Video&#8221; fullwidth=&#8221;on&#8221; _builder_version=&#8221;3.19.7&#8243; next_background_color=&#8221;#ffffff&#8221; background_video_mp4=&#8221;https:\/\/goldenlifebs.se\/halmstad\/wp-content\/uploads\/sites\/2\/2024\/02\/Goldenlifebeautysalong-film-3.mp4&#8243; background_image=&#8221;https:\/\/goldenlifebs.se\/halmstad\/wp-content\/uploads\/sites\/2\/2019\/06\/Thai-Massage.jpg&#8221;][et_pb_fullwidth_code _builder_version=&#8221;3.19.7&#8243;][\/et_pb_fullwidth_code][et_pb_fullwidth_image admin_label=&#8221;Logo&#8221; src=&#8221;https:\/\/goldenlifebs.se\/halmstad\/wp-content\/uploads\/sites\/2\/2024\/02\/GF-FI-2Resurs-13@2x.png&#8221; _builder_version=&#8221;3.19.7&#8243; animation_style=&#8221;fold&#8221; max_width=&#8221;21%&#8221; module_alignment=&#8221;center&#8221;] [\/et_pb_fullwidth_image][et_pb_fullwidth_code _builder_version=&#8221;3.19.7&#8243;][\/et_pb_fullwidth_code][\/et_pb_section][et_pb_section bb_built=&#8221;1&#8243; _builder_version=&#8221;3.0.47&#8243; prev_background_color=&#8221;#000000&#8243;][et_pb_row _builder_version=&#8221;3.0.48&#8243; background_size=&#8221;initial&#8221; background_position=&#8221;top_left&#8221; background_repeat=&#8221;repeat&#8221;][et_pb_column type=&#8221;4_4&#8243;][et_pb_text _builder_version=&#8221;3.19.7&#8243;] Golden Life Halmstad Golden Life Beauty Salong Massage erbjuder f\u00f6rstaklassig Thaimassage som \u00e4r en 2500 \u00e5r gammal behandlingsform fr\u00e5n Asien. Den g\u00e5r ut p\u00e5 att ta tillvara kroppens energilinjer [&hellip;]<\/p>\n","protected":false},"author":1,"featured_media":0,"parent":0,"menu_order":0,"comment_status":"closed","ping_status":"closed","template":"","meta":{"_et_pb_use_builder":"on","_et_pb_old_content":""},"_links":{"self":[{"href":"https:\/\/goldenlifebs.se\/halmstad\/wp-json\/wp\/v2\/pages\/17"}],"collection":[{"href":"https:\/\/goldenlifebs.se\/halmstad\/wp-json\/wp\/v2\/pages"}],"about":[{"href":"https:\/\/goldenlifebs.se\/halmstad\/wp-json\/wp\/v2\/types\/page"}],"author":[{"embeddable":true,"href":"https:\/\/goldenlifebs.se\/halmstad\/wp-json\/wp\/v2\/users\/1"}],"replies":[{"embeddable":true,"href":"https:\/\/goldenlifebs.se\/halmstad\/wp-json\/wp\/v2\/comments?post=17"}],"version-history":[{"count":83,"href":"https:\/\/goldenlifebs.se\/halmstad\/wp-json\/wp\/v2\/pages\/17\/revisions"}],"predecessor-version":[{"id":1600,"href":"https:\/\/goldenlifebs.se\/halmstad\/wp-json\/wp\/v2\/pages\/17\/revisions\/1600"}],"wp:attachment":[{"href":"https:\/\/goldenlifebs.se\/halmstad\/wp-json\/wp\/v2\/media?parent=17"}],"curies":[{"name":"wp","href":"https:\/\/api.w.org\/{rel}","templated":true}]}}